32*f - 5. What is the units digit of r(-24)?
3
Let c be 1*-3*39/(-9). Let d(i) = -i**3 + 13*i**2 + 4*i - 19. Let h be d(c). Let g = -16 + h. What is the units digit of g?
7
Let n(w) = -9*w - 1. Suppose 3*t + 1 = -2. Let u be n(t). Let b(h) = h**3 - 7*h**2 - 6*h + 3. What is the tens digit of b(u)?
1
Suppose 0 = 16*u - 20*u - 8. What is the tens digit of (-10 + 0)/((-7)/(-133)*u)?
9
Let k(v) = v**3 + 10*v**2 + 16*v - 4. Let t be k(-8). What is the units digit of 212*t*4/(-32)?
6
Suppose -17*g - 25*g = -25452. What is the hundreds digit of g?
6
Suppose -2*h = 98 + 58. Let k = 21 - h. What is the tens digit of k?
9
Suppose 2*v - 3 = 2*o - o, v - 29 = -5*o. Let u = o - 0. Suppose t + 8 = -u*b, -3*t = -2*b - 0*b - 10. What is the units digit of t?
2
Let j(r) = r**2 - 4*r - 5. Let g be j(5). Suppose -2*p = -2*d - d + 123, 3*d + 5*p - 144 = g. What is the tens digit of d?
4
Let b(o) = 8*o**2 + 46*o + 7. Let k be b(-6). Let u(n) = n**3 - 18*n**2 - 11*n + 32. What is the hundreds digit of u(k)?
1
Suppose -5*q - 21 = -2*q. Let j(s) = 3*s + 16. Let b be j(q). What is the tens digit of (-22)/55 + (-72)/b?
1
What is the tens digit of (-30)/70 - (-339)/7?
4
Let d(k) = 69*k - 10. What is the hundreds digit of d(3)?
1
Suppose 7*z + 24 = -102. What is the tens digit of 133/2 + z/12?
6
Let q(m) = -m**2 + m - 30. Let h be q(0). Let d be (50/h)/((-5)/6). Suppose -4*z - 2*f + 0*f + 58 = 0, -5*z - d*f + 72 = 0. What is the tens digit of z?
1
Let n be 6*(-1)/(-12)*-106. Let c be ((-2)/(-5))/((-2)/160). Let g = c - n. What is the units digit of g?
1
Let l(h) = -5*h**3 + 13*h**2 - 14*h - 38. What is the tens digit of l(-5)?
8
Suppose 0*j = -j + 130. Let r = 193 - j. Let b = -29 + r. What is the tens digit of b?
3
Let o = -218 - -335. Let q = 34 + o. What is the hundreds digit of q?
1
Suppose 2*b + 8 = 0, 4*f = 3*b - 39 - 25. Let a = 76 + f. What is the tens digit of a?
5
Let y(q) = q**2 + 14*q + 36. What is the tens digit of y(-18)?
0
Suppose -34*r = -37*r + 543. What is the units digit of r?
1
Suppose 0 = g + o - 1951, 4*g - 6*g + 3881 = -5*o. What is the thousands digit of g?
1
Let x(r) = 2*r + 5. Let d be x(0). Let b(p) = 9*p - 5. Let j be b(d). Suppose -v + 6*v = j. What is the units digit of v?
8
Let a = 51 - 24. Let v = 51 + a. What is the tens digit of v?
7
Suppose 0 = -4*i - 2*y + 22, 0*i + 3*y = -4*i + 17. Suppose 0 = -13*c + i*c + 330. What is the units digit of c?
6
Suppose 0*t - 7*t = 63. Let d = 32 - t. What is the units digit of d?
1
Suppose 4*r - 3*r = -2*r. Suppose -4*k + 282 + 34 = r. What is the units digit of k?
9
Let v = -170 + 233. What is the tens digit of v?
6
Suppose 5*u - 2*z = 3*z + 7995, 0 = -5*u - 3*z + 7963. What is the hundreds digit of u?
5
Let y(d) = -d. Let u be y(-7). Suppose 2*p = u*p - 270. What is the tens digit of p?
5
Let t = 14 + -8. What is the tens digit of (62/(-6))/((-2)/t)?
3
Suppose 5*q - 51 = 59. Let z = 24 - q. Suppose 0 = z*o + o - 165. What is the units digit of o?
5
Let b(y) = 12*y**2 + y + 1. Let t = 2 - 3. Let r be b(t). Let n = r - -7. What is the tens digit of n?
1
Suppose -9*w + 6*w + 3312 = 0. What is the tens digit of w?
0
Let v(h) = -7*h - 16. Let g be v(-5). Suppose 6*b - 1511 - g = 0. What is the units digit of b?
5
Suppose 196224 - 552448 = -88*p. What is the hundreds digit of p?
0
Suppose 0*w + 16 = -4*w. Let x = 88 - 64. What is the units digit of ((-2)/w)/(4/x)?
3
Let k = -2723 + 3103. What is the tens digit of k?
8
Let r = -58 - -89. Let p be (3/(-2))/((-6)/40). Let v = r - p. What is the units digit of v?
1
Let r(c) be the first derivative of c**3/3 + 19*c**2/2 + 9*c - 9. Let p be r(-6). Let z = -33 - p. What is the tens digit of z?
3
Let r(f) = 64*f**2 + 13*f + 36. What is the hundreds digit of r(-3)?
5
What is the units digit of 30/150 - (-24162)/15?
1
Let u(p) = 6*p**2 + p + 4. Let d be u(3). Suppose -2*j - d + 176 = c, j = -c + 57. What is the tens digit of j?
5
Let v(i) = 4*i**2 + 9. Let s be v(4). Suppose -s = -5*f + 592. What is the tens digit of f?
3
Suppose 2*z + 6 = 3*p - 5*p, 4*p = -z + 3. Suppose 3*y + p*j = 295, 4*j = y - 0*y - 117. What is the hundreds digit of y?
1
Let o(z) = -2*z + 2. Let w be o(-6). Suppose f - 72 = -w. Suppose 4*k = 2*k + f. What is the tens digit of k?
2
Suppose 0 = 5*t - t + 12. What is the tens digit of ((-56)/t - 0) + (-2)/3?
1
Let x be 3/12 - 45/(-12). Suppose 0 = x*o, 119 = 4*v + 4*o + 19. What is the tens digit of v?
2
Let c(v) = -4*v - 27. Let h = -113 - -104. What is the units digit of c(h)?
9
Suppose 0 = p + 2 - 4. Let h(i) = 24*i**2 + 5*i - 5. Let q be h(p). Let t = 160 - q. What is the tens digit of t?
5
Suppose -5*m - 15 = -s, m + 20 = 2*s - 4*m. Suppose -s*o + 3752 = 9*o. What is the hundreds digit of o?
2
Let h = -110 - -220. What is the hundreds digit of h?
1
Let r(i) = -i**3 + 58*i**2 - 39*i - 195. What is the tens digit of r(57)?
3
Suppose j = -0*j. Suppose -4*t - 5*k = 35, 5*t + 2*k - 3*k + 22 = j. Let u(q) = 2*q**2 + 6*q + 7. What is the units digit of u(t)?
7
Let y be 1*4*(-20)/48*-9. Suppose 43 = 5*j - j - 3*v, 0 = -2*j - 5*v + y. What is the tens digit of j?
1
Suppose 2567 = 2*q + 15*q. What is the units digit of q?
1
Let n = 274 + 102. Suppose -224 = -6*p + n. What is the tens digit of p?
0
Let p(r) = -r + 1. Let q be p(-1). Suppose 3*x - 6 = 4*z + 12, 0 = -q*x - 2*z - 2. Suppose h - 42 = -x*h. What is the tens digit of h?
1
Let k(g) = 1392*g - 31. What is the thousands digit of k(2)?
2
Let j(r) be the second derivative of -r**4/12 - 2*r**3/3 + 5*r**2/2 - 2*r. Let p be j(-4). What is the units digit of ((-2)/(-4))/(p/310)?
1
Let g be (-3)/6*(-2 + -2). Suppose v - t - 19 = 0, g*v + 2*v + 5*t - 31 = 0. What is the tens digit of 2 + 7/(v/102)?
5
Let k = 2 - 6. Let z(x) be the second derivative of x**4/12 - 5*x**3/6 - 6*x. What is the tens digit of z(k)?
3
Let x = -255 - -385. What is the units digit of x?
0
Suppose 22*u - 18781 = 3021. What is the tens digit of u?
9
Let l be (-1)/(-6) + 74/(-12). Suppose -12 = p + 3*v, p + 3*p - 5*v = 3. What is the units digit of (-7)/(-1*p/l)?
4
Let p(t) = 6 - t + t - 13 + 7*t**2 + t**3. Let r be p(-7). What is the units digit of (r - 1)*(-5 - -4)?
8
What is the units digit of 6 - (-5)/(40/2016)?
8
Let n be (-1*(-2 + 2))/(-1). Suppose n = -3*c, -p = p - 5*c - 4. Suppose -5*f + 3 = -p*f. What is the units digit of f?
1
Let s(k) = -k + 18. Let f be s(14). What is the units digit of f/22 - 31212/(-396)?
9
Let x = 130 + -134. What is the units digit of (9/(-60)*x)/(2/20)?
6
Suppose 3*z = -z + 4*l, -l + 25 = 4*z. Suppose -z*i + m = -3*m + 60, m = i + 13. What is the units digit of (-104 - 0)/(i/4)?
2
Let n = -1261 - -3901. What is the hundreds digit of n?
6
Let u(i) = i**3 + 11*i**2 - 15*i + 29. Let l be u(-12). Let m = -40 + l. What is the tens digit of m?
2
Let q(k) = k**3 + 36*k**2 - 4*k - 96. What is the units digit of q(-36)?
8
Let q be 1 + (-4)/(-3)*3. Suppose -u + 78 = -6*k + 2*k, -454 = -q*u + 4*k. What is the units digit of u?
4
Suppose 37 = -4*c + 17, 1002 = i - 4*c. What is the tens digit of i?
8
Let p(v) = 4*v - 2*v**2 - 2*v - 4 + 3*v. Let h be p(4). Let j = 27 + h. What is the units digit of j?
1
Suppose -5*r + 235 = 2*g - 6*g, -g = -3*r + 141. What is the tens digit of r?
4
Let s be (0/(-1))/(13 + -12). Suppose 14 = 3*p + 5*n - 9, s = 3*p + 2*n - 38. What is the units digit of p?
6
Let p(d) = -d**2 + 53*d - 125. What is the units digit of p(16)?
7
Suppose r + 4 = 3*r. Suppose -2*k + 326 = -0*m - 2*m, 5*m = r*k - 335. What is the hundreds digit of k?
1
Suppose 32*x - 29*x = 48. Let k be -2 + 1*-1 - 1. What is the units digit of 22*k*(-2)/x?
1
What is the hundreds digit of (25/(-2))/5*53716/(-65)?
0
Suppose n - 25 = -4*b, -n - 2*b + 6*b - 15 = 0. Suppose -n*i + 2*u + 236 = -368, -i + 4*u + 110 = 0. What is the tens digit of i?
2
Let b = 949 + -592. What is the hundreds digit of b?
3
Suppose 1483 = 5*v - 3*s + s, 8 = -2*s. What is the hundreds digit of v?
2
Suppose -3*y = 3*o - 0*y + 9, -2 = 2*y. Suppose -5*n = -4*v + 36, -4*v - v = -20. What is the units digit of 1/o + (-22)/n?
5
Let b(d) = -3*d - 2. Let n be b(-2). Let t = -27 + 29. What is the units digit of (-1)/t - (-62)/n?
5
Suppose i = -4*s + 698, -3*i - 658 + 2792 = 4*s. What is the hundreds digit of i?
7
Let m = -38 - -58. What is the tens di